{"id":1953,"date":"2019-05-02T21:45:38","date_gmt":"2019-05-02T19:45:38","guid":{"rendered":"http:\/\/tbif.se\/?page_id=1953"},"modified":"2025-11-17T17:21:44","modified_gmt":"2025-11-17T16:21:44","slug":"kommande-evenemang","status":"publish","type":"page","link":"https:\/\/hemsida.tbif.se\/?page_id=1953","title":{"rendered":"Kommande evenemang"},"content":{"rendered":"<h2>Kommande evenemang som ordas av Fest &amp; Kultur-sektionen<\/h2>\n<p>Fest och kultursektionen tar nu lite ledigt, men \u00e5terkommer i b\u00f6rjan p\u00e5 n\u00e4sta \u00e5r med massor av sp\u00e4nnande aktiviteter.<\/p>\n<p>&nbsp;<\/p>\n<p><strong>\u00a0<\/strong><\/p>\n<p>&#8212;&#8212;&#8212;&#8212;&#8212;&#8212;&#8212;&#8212;&#8212;&#8212;&#8212;&#8212;&#8212;&#8212;&#8212;&#8212;&#8212;&#8212;&#8212;&#8212;&#8212;&#8212;&#8212;&#8212;&#8212;&#8212;&#8212;&#8212;&#8212;&#8212;&#8212;&#8212;&#8212;&#8212;&#8212;<\/p>\n<p style=\"text-align: center;\">Med reservation f\u00f6r \u00e4ndringar som kan komma.<\/p>\n","protected":false},"excerpt":{"rendered":"<p>Kommande evenemang som ordas av Fest &amp; Kultur-sektionen Fest och kultursektionen tar nu lite ledigt, men \u00e5terkommer i b\u00f6rjan p\u00e5 n\u00e4sta \u00e5r med massor av sp\u00e4nnande aktiviteter. &nbsp; \u00a0 &#8212;&#8212;&#8212;&#8212;&#8212;&#8212;&#8212;&#8212;&#8212;&#8212;&#8212;&#8212;&#8212;&#8212;&#8212;&#8212;&#8212;&#8212;&#8212;&#8212;&#8212;&#8212;&#8212;&#8212;&#8212;&#8212;&#8212;&#8212;&#8212;&#8212;&#8212;&#8212;&#8212;&#8212;&#8212; Med reservation f\u00f6r \u00e4ndringar som kan komma.<\/p>\n","protected":false},"author":1,"featured_media":0,"parent":757,"menu_order":1,"comment_status":"closed","ping_status":"closed","template":"","meta":{"footnotes":""},"_links":{"self":[{"href":"https:\/\/hemsida.tbif.se\/index.php?rest_route=\/wp\/v2\/pages\/1953"}],"collection":[{"href":"https:\/\/hemsida.tbif.se\/index.php?rest_route=\/wp\/v2\/pages"}],"about":[{"href":"https:\/\/hemsida.tbif.se\/index.php?rest_route=\/wp\/v2\/types\/page"}],"author":[{"embeddable":true,"href":"https:\/\/hemsida.tbif.se\/index.php?rest_route=\/wp\/v2\/users\/1"}],"replies":[{"embeddable":true,"href":"https:\/\/hemsida.tbif.se\/index.php?rest_route=%2Fwp%2Fv2%2Fcomments&post=1953"}],"version-history":[{"count":87,"href":"https:\/\/hemsida.tbif.se\/index.php?rest_route=\/wp\/v2\/pages\/1953\/revisions"}],"predecessor-version":[{"id":3660,"href":"https:\/\/hemsida.tbif.se\/index.php?rest_route=\/wp\/v2\/pages\/1953\/revisions\/3660"}],"up":[{"embeddable":true,"href":"https:\/\/hemsida.tbif.se\/index.php?rest_route=\/wp\/v2\/pages\/757"}],"wp:attachment":[{"href":"https:\/\/hemsida.tbif.se\/index.php?rest_route=%2Fwp%2Fv2%2Fmedia&parent=1953"}],"curies":[{"name":"wp","href":"https:\/\/api.w.org\/{rel}","templated":true}]}}