{"id":678,"date":"2013-06-09T16:43:34","date_gmt":"2013-06-09T14:43:34","guid":{"rendered":"http:\/\/tbif.se\/?page_id=678"},"modified":"2025-03-02T09:49:23","modified_gmt":"2025-03-02T08:49:23","slug":"fotboll-2","status":"publish","type":"page","link":"https:\/\/hemsida.tbif.se\/?page_id=678","title":{"rendered":"Fotboll"},"content":{"rendered":"<hr \/>\r\n\r\n\r\n<figure><a href=\"http:\/\/media.tbif.se\/2024\/05\/Carlstrom-FILM-BILD-1-scaled.jpg\"><img fetchpriority=\"high\" decoding=\"async\" class=\"alignnone size-full wp-image-3418\" src=\"http:\/\/media.tbif.se\/2024\/05\/Carlstrom-FILM-BILD-1-scaled.jpg\" alt=\"\" width=\"2560\" height=\"1708\" \/><\/a><\/figure>\r\n\r\n\r\n\r\n<p><strong>Tors\u00f6 BIF\u00b4s fotbollsverksamhet<\/strong><\/p>\r\n\r\n\r\n\r\n<p><strong>Tors\u00f6 BIF bedriver fotbollsverksamhet vid den egna anl\u00e4ggningen, Strandvallen, som \u00e4r bel\u00e4gen i anslutning till bygdeg\u00e5rden.<\/strong><\/p>\r\n\r\n\r\n\r\n<p><strong>F\u00f6reningen representeras av ett A-lag och ett U-lag.<\/strong><\/p>\r\n\r\n\r\n\r\n<p><strong>A-laget spelar i division 6, och under s\u00e4songen 2023 spelade vi kval f\u00f6r avancemang till division 5. Tyv\u00e4rr lyckades vi inte besegra de tv\u00e5 \u00f6vriga lagen i kvalserien, s\u00e5 d\u00e4rf\u00f6r spelar vi \u00e4ven s\u00e4songen 2024 i division 6.<\/strong><\/p>\r\n\r\n\r\n\r\n<p><strong>U-laget lyckades \u00e4ven de bra under s\u00e4songen -22, och slutade p\u00e5 andra plats i sin serie.<\/strong><\/p>\r\n\r\n\r\n\r\n<p><strong>Tr\u00e4ning bedrivs tv\u00e5 kv\u00e4llar per vecka, (dagar l\u00e4ggs in n\u00e4r detta \u00e4r best\u00e4mt), p\u00e5 Strandvallen, vackert bel\u00e4gen vid V\u00e4nerns strand p\u00e5 Tors\u00f6.<\/strong><\/p>\r\n\r\n\r\n\r\n<p><strong>P\u00e5 Strandvallen spelar Tors\u00f6 BIF sina hemmamatcher.<\/strong><\/p>\r\n\r\n\r\n\r\n<p><strong>Alla \u00e4r varmt v\u00e4lkomna att delta i Tors\u00f6 BIF\u00b4s fotbollsverksamhet!<\/strong><\/p>\r\n\r\n\r\n\r\n<p><strong>\u00c4r du intresserad av att prova p\u00e5 fotbollen p\u00e5 Tors\u00f6, s\u00e5 kontakta n\u00e5gon av nedanst\u00e5ende f\u00f6r mer information, eller kom till v\u00e5ra tr\u00e4ningar.<\/strong><\/p>\r\n\r\n\r\n\r\n<p><strong>Dag och tid f\u00f6r v\u00e5ra hemmamatcher kan du l\u00e4sa i Mariestads tidningen. Du kan \u00e4ven f\u00f6lja oss p\u00e5 Appen Min Fotboll.<\/strong><\/p>\r\n\r\n\r\n\r\n<p><strong>V\u00e4lkommen att spela fotboll i Tors\u00f6 BIF och naturligtvis lika v\u00e4lkommen att titta p\u00e5 v\u00e5ra hemmamatcher!<\/strong><\/p>\r\n<h2><strong>\u00c5rets matcher<\/strong><\/h2>\r\n<p>2025-04-21\u00a0 16.00 Axvalls IF\u00a0 \u00a0 \u00a0 \u00a0 \u00a0Axevalla IP<\/p>\r\n<p>2025-04-27\u00a0 16.00\u00a0 IF Tymer\u00a0 \u00a0 \u00a0 \u00a0 \u00a0Strandvallen<\/p>\r\n<p>2025-05-04\u00a0 \u00a0 \u00a0 \u00a0 \u00a0 \u00a0 \u00a0 Korsberga IF\u00a0 \u00a0Kullaborg<\/p>\r\n<p>2025-05-10\u00a0 13.00\u00a0 Skultorps IF\u00a0 \u00a0 \u00a0Orkanvallen<\/p>\r\n<p>2025-05-17\u00a0 16.00\u00a0 Mariestads BK\u00a0 Strandvallen<\/p>\r\n<p>2025-05-21\u00a0 19.00\u00a0 Valtorps IF\u00a0 \u00a0 \u00a0 \u00a0 \u00a0Strandvallen<\/p>\r\n<p>2025-05-25\u00a0 13.00\u00a0 Fagersanna IF\u00a0 \u00a0Fagervi IP<\/p>\r\n<p>2025-05-30\u00a0 19.00\u00a0 Gullsp\u00e5ngs IF\u00a0 \u00a0 \u00a0Strandvallen<\/p>\r\n<p>2025-06-07\u00a0 16.00\u00a0 IFK V\u00e4rs\u00e5s\u00a0 \u00a0 \u00a0 \u00a0 \u00a0Strandvallen<\/p>\r\n<p>2025-06-14\u00a0 13.00\u00a0 V\u00e5mbs IF\u00a0 \u00a0 \u00a0 \u00a0 \u00a0 \u00a0 Claesborg<\/p>\r\n<p>2025-06-23\u00a0 19.00\u00a0 Fr\u00f6jereds IF\u00a0 \u00a0 \u00a0 \u00a0Strandvallen<\/p>\r\n<p>2025-06-29 16.00\u00a0 Axvalls IF\u00a0 \u00a0 \u00a0 \u00a0 \u00a0 \u00a0 Strandvallen<\/p>\r\n<p>2025-07-03 19.00\u00a0 IF Tymer\u00a0 \u00a0 \u00a0 \u00a0 \u00a0 \u00a0 \u00a0Timmersdala<\/p>\r\n<p>2025-08-09\u00a0 16.00\u00a0 Korsberga IF\u00a0 \u00a0 \u00a0Strandvallen<\/p>\r\n<p>2025-08-18\u00a0 16.00\u00a0 Skultorps IF\u00a0 \u00a0 \u00a0 \u00a0 Strandvallen<\/p>\r\n<p>2025-08-22\u00a0 18.30\u00a0 Mariestads BK\u00a0 \u00a0V\u00e4nershofs IP<\/p>\r\n<p>2025-08-31\u00a0 13.00\u00a0 Valtorps IF\u00a0 \u00a0 \u00a0 \u00a0 \u00a0 Brovalla<\/p>\r\n<p>2025-09-06\u00a0 16.00\u00a0 Fagersanna IF\u00a0 \u00a0 Strandvallen<\/p>\r\n<p>2025-09-13\u00a0 16.00\u00a0 Gullsp\u00e5ngs IF\u00a0 \u00a0 \u00a0 Gullmovallen<\/p>\r\n<p>2025-09-21\u00a0 13.00\u00a0 IFK V\u00e4rs\u00e5s\u00a0 \u00a0 \u00a0 \u00a0 \u00a0 \u00a0V\u00e4rs\u00e5s IP<\/p>\r\n<p>2025-09-28 13.00\u00a0 V\u00e5mbs IF\u00a0 \u00a0 \u00a0 \u00a0 \u00a0 \u00a0 \u00a0 Strandvallen<\/p>\r\n<p>2025-10-04\u00a0 13.00\u00a0 Fr\u00f6jereds IF\u00a0 \u00a0 \u00a0 \u00a0 Fr\u00f6jevi\u00a0\u00a0<\/p>\r\n<p>&nbsp;<\/p>\r\n<p>&nbsp;<\/p>\r\n\r\n\r\n<hr \/>\r\n\r\n\r\n<p><strong>Kontaktpersoner Tors\u00f6 BIF fotboll<\/strong><\/p>\r\n\r\n\r\n\r\n<p><strong>Mattias Nilsson Tr\u00e4nare tfn. 0730-501 640 <\/strong><a href=\"mailto:mattias.hagalund@gmail.com\"><strong>mattias.hagalund@gmail.com<\/strong><\/a><\/p>\r\n\r\n\r\n\r\n<p><strong>Tony Erlandsson Tr\u00e4nare tfn 0722-298\u00a0982 <\/strong><a href=\"mailto:tonyochanna@hotmail.se\"><strong>tonyochanna@hotmail.se<\/strong><\/a><\/p>\r\n\r\n\r\n\r\n<p><strong>S\u00f6ren Lillerskog M\u00e5lvaktstr\u00e4nare tfn 070-873 15 76 <\/strong><a href=\"mailto:sorenlillerskog@gmail.com\"><strong>sorenlillerskog@gmail.com<\/strong><\/a><\/p>\r\n\r\n\r\n\r\n<p>&nbsp;<\/p>\r\n\r\n\r\n\r\n<p>&nbsp;<\/p>\r\n","protected":false},"excerpt":{"rendered":"<p>Tors\u00f6 BIF\u00b4s fotbollsverksamhet Tors\u00f6 BIF bedriver fotbollsverksamhet vid den egna anl\u00e4ggningen, Strandvallen, som \u00e4r bel\u00e4gen i anslutning till bygdeg\u00e5rden. F\u00f6reningen representeras av ett A-lag och ett U-lag. A-laget spelar i division 6, och under s\u00e4songen 2023 spelade vi kval f\u00f6r &hellip; <a href=\"https:\/\/hemsida.tbif.se\/?page_id=678\">Forts\u00e4tt l\u00e4sa <span class=\"meta-nav\">&rarr;<\/span><\/a><\/p>\n","protected":false},"author":1,"featured_media":0,"parent":0,"menu_order":90,"comment_status":"closed","ping_status":"open","template":"onecolumn-page.php","meta":{"footnotes":""},"_links":{"self":[{"href":"https:\/\/hemsida.tbif.se\/index.php?rest_route=\/wp\/v2\/pages\/678"}],"collection":[{"href":"https:\/\/hemsida.tbif.se\/index.php?rest_route=\/wp\/v2\/pages"}],"about":[{"href":"https:\/\/hemsida.tbif.se\/index.php?rest_route=\/wp\/v2\/types\/page"}],"author":[{"embeddable":true,"href":"https:\/\/hemsida.tbif.se\/index.php?rest_route=\/wp\/v2\/users\/1"}],"replies":[{"embeddable":true,"href":"https:\/\/hemsida.tbif.se\/index.php?rest_route=%2Fwp%2Fv2%2Fcomments&post=678"}],"version-history":[{"count":41,"href":"https:\/\/hemsida.tbif.se\/index.php?rest_route=\/wp\/v2\/pages\/678\/revisions"}],"predecessor-version":[{"id":3586,"href":"https:\/\/hemsida.tbif.se\/index.php?rest_route=\/wp\/v2\/pages\/678\/revisions\/3586"}],"wp:attachment":[{"href":"https:\/\/hemsida.tbif.se\/index.php?rest_route=%2Fwp%2Fv2%2Fmedia&parent=678"}],"curies":[{"name":"wp","href":"https:\/\/api.w.org\/{rel}","templated":true}]}}